{"id":13,"date":"2010-08-16T12:21:19","date_gmt":"2010-08-16T10:21:19","guid":{"rendered":"http:\/\/127.0.0.1\/wordpress\/"},"modified":"2016-02-09T19:23:45","modified_gmt":"2016-02-09T18:23:45","slug":"club-2","status":"publish","type":"page","link":"https:\/\/www.baselhb.fr\/?page_id=13","title":{"rendered":"Club"},"content":{"rendered":"<p style=\"text-align: justify;\"><span style=\"text-decoration: underline;\"><strong>BAVANS SELONCOURT HANDBALL <\/strong><\/span>est n\u00e9e le 27 juin 1998 de la fusion entre les clubs de BAVANS ( cr\u00e9\u00e9 en juin 1987 ) et SELONCOURT (qui s\u2019est appel\u00e9 aussi LA VALLEE cr\u00e9\u00e9\u00a0 dans les ann\u00e9es 80).<br \/>\nLes deux clubs avaient d\u00e9j\u00e0 engag\u00e9 un rapprochement la saison pr\u00e9c\u00e9dente pour \u00a0constituer une \u00e9quipe s\u00e9nior f\u00e9minine. Les bons rapports entre les deux clubs ont ensuite abouti \u00e0 une fusion cr\u00e9ant ainsi le handball club de Bavans Seloncourt. Pour sa premi\u00e8re saison\u00a0 d&rsquo;existence, le club commence en excellence r\u00e9gionale dans la cat\u00e9gorie des seniors\u00a0 masculins, termine 3\u00e8me de son championnat et rate la mont\u00e9e d&rsquo;un petit point. La saison suivante, cette m\u00eame \u00e9quipe, en baisse de forme, terminera 6\u00e8me.<\/p>\n<p style=\"text-align: justify;\">BASEL a compt\u00e9 jusqu\u2019\u00e0 trois \u00e9quipes seniors masculines, une f\u00e9minine et quatre \u00e9quipes jeunes en 2001 ann\u00e9e o\u00f9 le club passa la barre des cent licenci\u00e9s\u2026 Cette m\u00eame ann\u00e9e, l&rsquo;\u00e9quipe senior masculine termine \u00e0 la 1\u00e8re place de son championnat, acc\u00e9dant ainsi, au niveau pr\u00e9-f\u00e9d\u00e9ral pour la saison 2001-2002. Malheureusement, elle n&rsquo;y restera qu&rsquo;une saison, pour cause, notamment, de nombreuses blessures de longue dur\u00e9e dans son effectif. Le club comptera une section f\u00e9minine avec des \u2018\u2018 seniors \u2019\u2019 au niveau honneur d\u00e9partemental \u00e0 partir de 2004.<\/p>\n<p style=\"text-align: justify;\">Vincent RUFFIOT (Bavans), Serge NERI (Seloncourt), Claude ZIETEK ( Seloncourt ), Daniel BROSSARD (Bavans) et Thierry MAION se sont succ\u00e9d\u00e9s \u00e0 la pr\u00e9sidence de \u00a0\u00bb BASEL \u00a0\u00bb comme il est d\u2019usage de l\u2019appeler.<\/p>\n<p style=\"text-align: justify;\">Et bien \u00e9videmment, cette ann\u00e9e encore, l&rsquo;esprit festif, convivial de notre club sera \u00e0 l&rsquo;honneur ! Peu importe que l&rsquo;on soit accro au hand ou pas, que l&rsquo;on soit expert ou d\u00e9butant, jeune ou plus ag\u00e9, licenci\u00e9 ou parent&#8230; l&rsquo;important&#8230; c&rsquo;est de passer d&rsquo;agr\u00e9ables moments tous ensembles !<\/p>\n<blockquote><p><em>\u00ab\u00a0Notre philosophie est de d\u00e9velopper ce sport et notre club \u00e0 travers la d\u00e9couverte de nouveaux pratiquants et non au d\u00e9triment des autres clubs en mutant des joueurs, surtout des jeunes !\u00a0\u00bb<\/em><\/p><\/blockquote>\n","protected":false},"excerpt":{"rendered":"<p>BAVANS SELONCOURT HANDBALL est n\u00e9e le 27 juin 1998 de la fusion entre les clubs de BAVANS ( cr\u00e9\u00e9 en juin 1987 ) et SELONCOURT (qui s\u2019est appel\u00e9 aussi LA VALLEE cr\u00e9\u00e9\u00a0<\/p>\n<a class=\"moretag noptoppad\" href=\"https:\/\/www.baselhb.fr\/?page_id=13\">Read More...<\/a>","protected":false},"author":1,"featured_media":0,"parent":0,"menu_order":0,"comment_status":"closed","ping_status":"closed","template":"","meta":{"footnotes":""},"class_list":["post-13","page","type-page","status-publish","hentry"],"_links":{"self":[{"href":"https:\/\/www.baselhb.fr\/index.php?rest_route=\/wp\/v2\/pages\/13","targetHints":{"allow":["GET"]}}],"collection":[{"href":"https:\/\/www.baselhb.fr\/index.php?rest_route=\/wp\/v2\/pages"}],"about":[{"href":"https:\/\/www.baselhb.fr\/index.php?rest_route=\/wp\/v2\/types\/page"}],"author":[{"embeddable":true,"href":"https:\/\/www.baselhb.fr\/index.php?rest_route=\/wp\/v2\/users\/1"}],"replies":[{"embeddable":true,"href":"https:\/\/www.baselhb.fr\/index.php?rest_route=%2Fwp%2Fv2%2Fcomments&post=13"}],"version-history":[{"count":0,"href":"https:\/\/www.baselhb.fr\/index.php?rest_route=\/wp\/v2\/pages\/13\/revisions"}],"wp:attachment":[{"href":"https:\/\/www.baselhb.fr\/index.php?rest_route=%2Fwp%2Fv2%2Fmedia&parent=13"}],"curies":[{"name":"wp","href":"https:\/\/api.w.org\/{rel}","templated":true}]}}